{"id":2,"date":"2007-02-17T21:50:34","date_gmt":"2007-02-17T20:50:34","guid":{"rendered":"http:\/\/www.agustinbarahona.com\/blog\/acerca-de\/"},"modified":"2023-12-01T01:26:50","modified_gmt":"2023-12-01T00:26:50","slug":"acerca-de","status":"publish","type":"page","link":"https:\/\/www.agustinbarahona.com\/blog\/acerca-de\/","title":{"rendered":"\u00bfQu\u00e9 es \u00abRazonando se entiende la gente\u00bb?"},"content":{"rendered":"<p>Estimados todos, les doy la m\u00e1s efusiva bienvenida a esta mi peque\u00f1a ventana para la comunicaci\u00f3n personal con todos ustedes, ventana que espero que pueda ser fuente de inter\u00e9s y compartici\u00f3n de <!-- google_ad_section_start -->ideas \u00fatiles, reflexivas y enjundiosas<!-- google_ad_section_end -->, que para m\u00ed, sin duda, ser\u00e1n las suyas.<\/p>\n<p>El motivo de la frase que preside es que soy de esas personas convencidas de que no es hablando como se entiende la gente sino s\u00f3lo <!-- google_ad_section_start -->razonando<!-- google_ad_section_end -->, aunque, obviamente, debe existir por ambas partes una b\u00e1sica voluntad y capacidad de hacerlo. Es por eso que en este sitio deseaba que primara como t\u00edtulo este lema que tengo la seguridad de que tambi\u00e9n ser\u00e1 el suyo.<\/p>\n<p>En mi caso la apertura de un espacio como \u00e9ste es todo un <!-- google_ad_section_start(weight=ignore) -->experimento<!-- google_ad_section_end -->, puesto que nunca hab\u00eda tenido un <!-- google_ad_section_start -->Weblog o Blog<!-- google_ad_section_end --> \u2014como ha terminado por llamarse\u2014 y no soy habitual en buscarlos o consultarlos, as\u00ed que me disculpar\u00e1n que al principio vaya todo quiz\u00e1 un poco m\u00e1s lento o torpe de lo que se podr\u00eda esperar o necesitar.<\/p>\n<p>Tengo el firme convencimiento de que \u00e9ste ser\u00e1 tambi\u00e9n un buen medio para el mantenimiento del <!-- google_ad_section_start(weight=ignore) -->contacto general<!-- google_ad_section_end --> que permita en cierto sentido hacer m\u00e1s <!-- google_ad_section_start -->eficaz mi ya escaso tiempo y el suyo tan valioso<!-- google_ad_section_end -->, porque adem\u00e1s de poder tener <!-- google_ad_section_start -->el privilegio de razonar con ustedes sobre muchos temas<!-- google_ad_section_end --> podr\u00e9 a la vez contestarles muchas de las cuestiones generales que habitualmente atend\u00eda a trav\u00e9s del correo electr\u00f3nico, permitiendo que otras muchas personas queden tambi\u00e9n informadas. As\u00ed pues, no se olviden de visitar a menudo esta su casa y su <!-- google_ad_section_start -->tertulia<!-- google_ad_section_end -->.<\/p>\n<p>\u00a1Muy bienvenidos!<\/p>\n<p>Un cordial saludo:<br \/>\n<span style=\"font-size: 115%; font-style: italic; font-family: Times New Roman;\"><!-- google_ad_section_start(weight=ignore) --><a href=\"https:\/\/www.agustinbarahona.com\/blog\/acerca-del-autor-de-razonando-se-entiende-la-gente\/\">Agust\u00edn Barahona Juan<\/a><\/span><\/p>\n<hr \/>\n<p>Si quiere ponerse en contacto, por favor, rellene el siguiente formulario. Gracias.<\/p>\n\n<div class=\"wpcf7 no-js\" id=\"wpcf7-f2790-o1\" lang=\"es-ES\" dir=\"ltr\" data-wpcf7-id=\"2790\">\n<div class=\"screen-reader-response\"><p role=\"status\" aria-live=\"polite\" aria-atomic=\"true\"><\/p> <ul><\/ul><\/div>\n<form action=\"\/blog\/wp-json\/wp\/v2\/pages\/2#wpcf7-f2790-o1\" method=\"post\" class=\"wpcf7-form init\" aria-label=\"Formulario de contacto\" novalidate=\"novalidate\" data-status=\"init\">\n<fieldset class=\"hidden-fields-container\"><input type=\"hidden\" name=\"_wpcf7\" value=\"2790\" \/><input type=\"hidden\" name=\"_wpcf7_version\" value=\"6.1.5\" \/><input type=\"hidden\" name=\"_wpcf7_locale\" value=\"es_ES\" \/><input type=\"hidden\" name=\"_wpcf7_unit_tag\" value=\"wpcf7-f2790-o1\" \/><input type=\"hidden\" name=\"_wpcf7_container_post\" value=\"0\" \/><input type=\"hidden\" name=\"_wpcf7_posted_data_hash\" value=\"\" \/>\n<\/fieldset>\n<p><label> Su Nombre (obligatorio) - Your Name (required)<br \/>\n<span class=\"wpcf7-form-control-wrap\" data-name=\"your-name\"><input size=\"40\" maxlength=\"400\" class=\"wpcf7-form-control wpcf7-text wpcf7-validates-as-required\" aria-required=\"true\" aria-invalid=\"false\" value=\"\" type=\"text\" name=\"your-name\" \/><\/span> <\/label>\n<\/p>\n<p><label> Su Email (obligatorio) - Your Email (required)<br \/>\n<span class=\"wpcf7-form-control-wrap\" data-name=\"your-email\"><input size=\"40\" maxlength=\"400\" class=\"wpcf7-form-control wpcf7-email wpcf7-validates-as-required wpcf7-text wpcf7-validates-as-email\" aria-required=\"true\" aria-invalid=\"false\" value=\"\" type=\"email\" name=\"your-email\" \/><\/span> <\/label>\n<\/p>\n<p><label> Subject - T\u00edtulo<br \/>\n<span class=\"wpcf7-form-control-wrap\" data-name=\"your-subject\"><input size=\"40\" maxlength=\"400\" class=\"wpcf7-form-control wpcf7-text\" aria-invalid=\"false\" value=\"\" type=\"text\" name=\"your-subject\" \/><\/span> <\/label>\n<\/p>\n<p><label> Your Message - Su Mensaje<br \/>\n<span class=\"wpcf7-form-control-wrap\" data-name=\"your-message\"><textarea cols=\"40\" rows=\"10\" maxlength=\"2000\" class=\"wpcf7-form-control wpcf7-textarea\" aria-invalid=\"false\" name=\"your-message\"><\/textarea><\/span> <\/label>\n<\/p>\n<p><input class=\"wpcf7-form-control wpcf7-submit has-spinner\" type=\"submit\" value=\"Enviar\" \/>\n<\/p><p style=\"display: none !important;\" class=\"akismet-fields-container\" data-prefix=\"_wpcf7_ak_\"><label>&#916;<textarea name=\"_wpcf7_ak_hp_textarea\" cols=\"45\" rows=\"8\" maxlength=\"100\"><\/textarea><\/label><input type=\"hidden\" id=\"ak_js_1\" name=\"_wpcf7_ak_js\" value=\"172\"\/><script>document.getElementById( \"ak_js_1\" ).setAttribute( \"value\", ( new Date() ).getTime() );<\/script><\/p><div class=\"wpcf7-response-output\" aria-hidden=\"true\"><\/div>\n<\/form>\n<\/div>\n\n","protected":false},"excerpt":{"rendered":"<p>Estimados todos, les doy la m\u00e1s efusiva bienvenida a esta mi peque\u00f1a ventana para la comunicaci\u00f3n personal con todos ustedes, ventana que espero que pueda ser fuente de inter\u00e9s y compartici\u00f3n de ideas \u00fatiles, reflexivas y enjundiosas, que para m\u00ed, sin duda, ser\u00e1n las suyas. El motivo de la frase que preside es que soy [&hellip;]<\/p>\n","protected":false},"author":1,"featured_media":0,"parent":0,"menu_order":1,"comment_status":"closed","ping_status":"open","template":"","meta":{"_monsterinsights_skip_tracking":false,"_monsterinsights_sitenote_active":false,"_monsterinsights_sitenote_note":"","_monsterinsights_sitenote_category":0,"footnotes":""},"class_list":["post-2","page","type-page","status-publish","hentry"],"aioseo_notices":[],"jetpack_sharing_enabled":true,"_links":{"self":[{"href":"https:\/\/www.agustinbarahona.com\/blog\/wp-json\/wp\/v2\/pages\/2","targetHints":{"allow":["GET"]}}],"collection":[{"href":"https:\/\/www.agustinbarahona.com\/blog\/wp-json\/wp\/v2\/pages"}],"about":[{"href":"https:\/\/www.agustinbarahona.com\/blog\/wp-json\/wp\/v2\/types\/page"}],"author":[{"embeddable":true,"href":"https:\/\/www.agustinbarahona.com\/blog\/wp-json\/wp\/v2\/users\/1"}],"replies":[{"embeddable":true,"href":"https:\/\/www.agustinbarahona.com\/blog\/wp-json\/wp\/v2\/comments?post=2"}],"version-history":[{"count":19,"href":"https:\/\/www.agustinbarahona.com\/blog\/wp-json\/wp\/v2\/pages\/2\/revisions"}],"predecessor-version":[{"id":9671,"href":"https:\/\/www.agustinbarahona.com\/blog\/wp-json\/wp\/v2\/pages\/2\/revisions\/9671"}],"wp:attachment":[{"href":"https:\/\/www.agustinbarahona.com\/blog\/wp-json\/wp\/v2\/media?parent=2"}],"curies":[{"name":"wp","href":"https:\/\/api.w.org\/{rel}","templated":true}]}}